f) = f**2 - f - 5. Let n be m(5). Calculate the remainder when 777/n - (-3)/15 is divided by 18.
16
Suppose 2*g - 246 + 178 = 0. Calculate the remainder when g is divided by 5.
4
Let j = 60 - 25. Let z = j + -16. Suppose 70 = 3*a + z. What is the remainder when a is divided by 10?
7
Let j be (1 - 3)/((-4)/16). Let i(z) = -4*z**2 + 4*z - 1. Let x be i(3). What is the remainder when 10 is divided by x/(-4) + (-2)/j?
4
Suppose -2*c = 4*l - 7 - 9, -2*l + 8 = 2*c. Suppose c*q + q = 5*f - 17, 4*q - f + 11 = 0. Calculate the remainder when 18 is divided by 2/q - (-12 + 1).
8
Suppose 0*u - 5*t = 2*u + 6, 5*u = 4*t + 18. Let w be (1 + -5 + u)*-2. Suppose -2*h = w, 0 = k - 3*k + 5*h + 18. What is the remainder when 10 is divided by k?
2
What is the remainder when 1/5*5 - -28 is divided by 10?
9
Let v = -1 + 4. Suppose v*h - 32 = -h. Let w(y) = y**3 + 5*y**2 + 3*y - 4. What is the remainder when h is divided by w(-3)?
3
Let a = -14 - -34. Suppose 40 = 4*v - i - 6, -2*i - a = -2*v. What is the remainder when 35 is divided by v?
11
Suppose -2*x - 84 = -5*r - 13, -r = 3*x - 4. Suppose 4*p + 5*o - 42 = 165, -3*o = -3*p + 135. What is the remainder when p is divided by r?
9
Let o = -1 + 3. Suppose -o*n + 37 = k, 2*n - 7 = 1. Calculate the remainder when k is divided by 8.
5
Suppose 80 = 15*p - 10*p. What is the remainder when p is divided by 8?
0
What is the remainder when 26 is divided by ((-16)/3)/(30/(-45))?
2
Let v = 13 - 5. What is the remainder when 13 is divided by v?
5
Suppose 51 = 3*p + 4*g - g, 2*g = 10. Calculate the remainder when 35 is divided by p.
11
Let m(t) be the third derivative of -t**6/120 - t**5/12 + t**4/12 + t**3/2 - 3*t**2. What is the remainder when m(-6) is divided by 14?
13
Suppose -7*y = -4*y - 54. What is the remainder when 70 is divided by y?
16
Let x be (-2)/(-3) + 2/(-3). Suppose -3*v = -x*v - 111. What is the remainder when v is divided by 10?
7
Let g = 26 + 29. Calculate the remainder when g is divided by 31.
24
Let d(s) = -22*s + 2. Let z be d(-1). Let o = -16 + z. What is the remainder when 13 is divided by o?
5
Suppose -4 = -z - 2*a, -7 = -5*z - 2*a + 5*a. Let x = -16 - -33. Suppose z*q - x = -5. Calculate the remainder when q is divided by 4.
2
Let n = 89 + -64. Let r(s) = -2*s**3 + 3*s + 3. Let z be r(-2). Suppose 6 = -y + z. Calculate the remainder when n is divided by y.
4
Let u be (1 - (-1 + -3)) + -1. Let x = -2 + u. Suppose x*m = m + 31. Calculate the remainder when m is divided by 16.
15
Let c(q) = -q**3 + 4*q**2 - q + 1. Suppose 62*s - 63*s = -13. Calculate the remainder when s is divided by c(3).
6
Let r be 4/6 + (-1)/(-3). Let c = 7 + r. Suppose -4*t - 3*d = -97, t = -4*t - 5*d + 125. Calculate the remainder when t is divided by c.
6
Let z(n) = -2*n + 1. Let q be z(-1). Let o be 8/(3*(-1)/(-12)). Suppose 0 = q*h + h - o. Calculate the remainder when h is divided by 3.
2
Suppose 66 = 3*o - 4*z, 0 = o - 4*z + 3 - 33. Let c = o - -6. Calculate the remainder when c is divided by 9.
6
Let s be (-1)/(-3) + (-3017)/(-21). Suppose 3*b = s + 15. Calculate the remainder when b is divided by 18.
17
What is the remainder when (12/(-9))/((-2)/9) is divided by 3?
0
Let d be ((-6)/(-5))/((-6)/40). Let s be 3/12 - (-58)/d. Let t(a) = -3*a + 4. What is the remainder when t(s) is divided by 13?
12
Let t(f) = f + 154. Let v be t(0). Suppose 34 = -4*i + v. What is the remainder when i is divided by 11?
8
Let b = 143 + -125. Calculate the remainder when 28 is divided by b.
10
Let a = 61 + -46. What is the remainder when 27 is divided by a?
12
Let g be (-2)/3*(-6 - -21). Let j(n) = -n**2 - 15*n - 11. What is the remainder when j(g) is divided by 14?
11
Let v(a) = a**3 - 2*a + 1. Let l be v(2). Suppose l*r - 2*r = 117. What is the remainder when r is divided by 20?
19
Let u(s) = s**3 - 9*s**2 - 8*s - 3. Calculate the remainder when u(10) is divided by 10.
7
Suppose -8*q + 3*q + 50 = 0. Calculate the remainder when 15*((-9)/(-5) + -1) is divided by (25/q)/(2/4).
2
Let i = 7 + 1. What is the remainder when 22 is divided by i?
6
Let w = -100 + 159. What is the remainder when w is divided by 13?
7
Let j = 161 - 130. Suppose a - 80 = -4*a. What is the remainder when j is divided by a?
15
Let t(i) = -i**2 - 10*i + 13. Let g be t(-10). Let p = 52 + g. Calculate the remainder when p is divided by 17.
14
Suppose -3*y + 29 = -31. What is the remainder when 39 is divided by y?
19
Suppose -3*l + 124 = l. Suppose 2*u - 12 = -70. Let r = -18 - u. Calculate the remainder when l is divided by r.
9
Suppose 4*l - 4 = -4*d - 80, -5*l - 76 = 4*d. Let i = d - -28. Suppose n = i - 2. Calculate the remainder when 12 is divided by n.
5
Let m be 1 - 0 - (4 + -151). Let c = m - 90. What is the remainder when c is divided by 364/18 - 4/18?
18
Suppose -5 + 0 = -5*i. Suppose -k + 44 = 4*b + 2*k, 20 = 5*k. Let r = b - 7. Calculate the remainder when r is divided by i.
0
What is the remainder when 57 is divided by -2 + 88/(20/5)?
17
Let b = -35 + 63. Suppose -4*k = -5*l + 395, -4*l + 108 = -3*l + 5*k. Calculate the remainder when l is divided by b.
27
Suppose 1287 = 6*v + 3*v. What is the remainder when v is divided by 37?
32
Suppose n = 27 + 27. Suppose n - 6 = -2*k. Calculate the remainder when (-2 + k/(-9))*15 is divided by 6.
4
Let q = -8 - -14. Suppose 0 = -j + q*j + 2*v - 46, 0 = -3*v - 6. Suppose -2*a + j = 4*p, -3*a = -3*p - 25 - 8. Calculate the remainder when 33 is divided by a.
6
Let t(z) = z**3 - 3*z**2 - z + 27. Let d(j) = -j**2 + 1. Let w(p) = -2*d(p) + t(p). What is the remainder when w(0) is divided by 9?
7
Let a(d) = 2*d**2 + 4*d. What is the remainder when 88 is divided by a(3)?
28
What is the remainder when (-12)/15*-1 + 882/10 is divided by 23?
20
Suppose 3*r - 16 = -r. Suppose -3*q = q + r. Let c(l) = 21*l**2 + 2*l + 1. Calculate the remainder when c(q) is divided by 11.
9
Calculate the remainder when 294/10 - (-4)/(-10) is divided by (-45)/(-8 + 5) + 0.
14
Let z = -9 + 39. Let l(x) = x**3 + 16*x**2 + 32*x + 27. Calculate the remainder when l(-13) is divided by z.
28
Let g = 25 - 8. Let o(b) = 8*b - 2*b - 3 - 2*b + b**2. What is the remainder when g is divided by o(2)?
8
Let i(m) be the second derivative of -m**3/6 + m. What is the remainder when 9 is divided by i(-5)?
4
Suppose 0 = -5*v - 3*n + 107, -2*v = n - 0*n - 42. Calculate the remainder when 55 is divided by v.
17
Let l = -1 + 78. Calculate the remainder when l is divided by 16.
13
Let f(j) = 22 + j**3 + 2*j**2 - 3*j**2 - 2*j**3 - j + 2*j**2. Calculate the remainder when f(0) is divided by 12.
10
Let o(z) = -z**3 + 8*z**2 + 5*z. Let k be o(6). Suppose 4*c - 2*a - k = 0, -2*c + 32 + 16 = -4*a. What is the remainder when 103 is divided by c?
25
Let b = -36 + 44. Calculate the remainder when 21 is divided by b.
5
Let c = 4 + -2. What is the remainder when c + 0 + 3 + 0 is divided by 2?
1
Let p(f) = 76*f**3 - f**2 - f + 1. Calculate the remainder when p(1) is divided by 19.
18
Suppose 2*l + 0*l = 0, l - 65 = -h. Suppose 5*t = k + h - 23, -t = 2*k - 15. What is the remainder when 25 is divided by t?
7
Let t(u) = 66*u**2 - 1. Calculate the remainder when t(1) is divided by 17.
14
Let o = 40 + -28. What is the remainder when 21 is divided by o?
9
Suppose -2*a + 77 = -5. Let l(g) = g**3 - 7*g**2 + 8*g - 9. Let k be l(6). What is the remainder when a is divided by (k/(-1))/((-6)/28)?
13
Let n be (-1)/2*1*6. Let g be -1 + 4 - n/(-1). Suppose 5*o = -g*o + 130. Calculate the remainder when o is divided by 9.
8
Suppose -3*q - 2*m + 72 = q, 92 = 5*q + 3*m. What is the remainder when -3 + (q - 4/2) is divided by 8?
3
Suppose -21 = -4*j + 31. Let x be 2/(-8) - (-39)/12. Suppose 0 = -2*u - x*f + 2*f + 53, -3*f - 66 = -3*u. What is the remainder when u is divided by j?
12
Let h = 28 - 16. Suppose -5*y = -3*q - 184, -q - 178 = -7*y + 2*y. Calculate the remainder when y is divided by h.
11
Let w(b) = 2*b**3 - 2*b**2 - b + 1. Suppose 2*t + 4*u = -2*t + 32, 3*t - 9 = 2*u. What is the remainder when w(2) is divided by t?
2
Suppose -2*v - 2 = -4*f + 2, -2*v + 14 = 2*f. Suppose -x = q - 27, -v*q - 4*x + 105 = x. What is the remainder when q is divided by 16?
14
Suppose 32 = 2*g + 4*p, 3*p - 7 = -g + 11. Calculate the remainder when g is divided by (42/(-9))/((-2)/3).
5
Let o = 0 + -8. Let g(m) = -m + 4. W